{"id":6525,"date":"2018-04-30T09:37:30","date_gmt":"2018-04-30T08:37:30","guid":{"rendered":"https:\/\/www.philippe-pastor.com\/?page_id=6525"},"modified":"2018-06-13T10:15:01","modified_gmt":"2018-06-13T09:15:01","slug":"autres","status":"publish","type":"page","link":"https:\/\/www.philippe-pastor.com\/fr\/biographie\/autres\/","title":{"rendered":"Autres"},"content":{"rendered":"<div class=\"flex_column av_one_full  flex_column_div first   \" style='padding:0px 6% 0px 0px ; border-radius:0px; '><section class=\"av_textblock_section \"  itemscope=\"itemscope\" itemtype=\"https:\/\/schema.org\/CreativeWork\" ><div class='avia_textblock  '   itemprop=\"text\" ><h3>Distinctions&nbsp;<\/h3>\n<div>Invit\u00e9 d\u2019honneur d\u2019Art Monaco\u201910, Philippe Pastor re\u00e7oit \u201cLe prix d\u2019excellence pens\u00e9e \u00e9cologie\u201d, pour la meilleure utilisation de mat\u00e9riaux recycl\u00e9s dans ses \u0153uvres \u2013 mai 2010, Monaco<\/div>\n<div>&nbsp;<\/div>\n<div>Nomm\u00e9 par SAS le Prince Albert II de Monaco \u00ab Chevalier de l\u2019Ordre du M\u00e9rite Culturel \u00bb \u2013 2009, Monaco<\/div>\n<div>&nbsp;<\/div>\n<div>&nbsp;<\/div>\n<h3>Conf\u00e9rences<\/h3>\n<div>Discours de Philippe Pastor lors du s\u00e9minaire \u201cD\u00e9sapprendre l\u2019Intol\u00e9rance\u201d, L\u2019art pour changer les attitudes vis-\u00e0-vis de l\u2019environnement le 8 mai 2008 \u2013 Si\u00e8ge des Nations Unies, New York, Etats-Unis<\/div>\n<\/div><\/section><\/div>\n","protected":false},"excerpt":{"rendered":"","protected":false},"author":6,"featured_media":0,"parent":4131,"menu_order":0,"comment_status":"closed","ping_status":"closed","template":"","meta":{"ngg_post_thumbnail":0,"footnotes":""},"class_list":["post-6525","page","type-page","status-publish","hentry"],"_links":{"self":[{"href":"https:\/\/www.philippe-pastor.com\/fr\/wp-json\/wp\/v2\/pages\/6525","targetHints":{"allow":["GET"]}}],"collection":[{"href":"https:\/\/www.philippe-pastor.com\/fr\/wp-json\/wp\/v2\/pages"}],"about":[{"href":"https:\/\/www.philippe-pastor.com\/fr\/wp-json\/wp\/v2\/types\/page"}],"author":[{"embeddable":true,"href":"https:\/\/www.philippe-pastor.com\/fr\/wp-json\/wp\/v2\/users\/6"}],"replies":[{"embeddable":true,"href":"https:\/\/www.philippe-pastor.com\/fr\/wp-json\/wp\/v2\/comments?post=6525"}],"version-history":[{"count":0,"href":"https:\/\/www.philippe-pastor.com\/fr\/wp-json\/wp\/v2\/pages\/6525\/revisions"}],"up":[{"embeddable":true,"href":"https:\/\/www.philippe-pastor.com\/fr\/wp-json\/wp\/v2\/pages\/4131"}],"wp:attachment":[{"href":"https:\/\/www.philippe-pastor.com\/fr\/wp-json\/wp\/v2\/media?parent=6525"}],"curies":[{"name":"wp","href":"https:\/\/api.w.org\/{rel}","templated":true}]}}

<div class="flex_column av_one_full  flex_column_div first   " style='padding:0px 6% 0px 0px ; border-radius:0px; '><section class="av_textblock_section "  itemscope="itemscope" itemtype="https://schema.org/CreativeWork" ><div class='avia_textblock  '   itemprop="text" ><h3>Distinctions&nbsp;</h3>
<div>Invité d’honneur d’Art Monaco’10, Philippe Pastor reçoit “Le prix d’excellence pensée écologie”, pour la meilleure utilisation de matériaux recyclés dans ses œuvres – mai 2010, Monaco</div>
<div>&nbsp;</div>
<div>Nommé par SAS le Prince Albert II de Monaco « Chevalier de l’Ordre du Mérite Culturel » – 2009, Monaco</div>
<div>&nbsp;</div>
<div>&nbsp;</div>
<h3>Conférences</h3>
<div>Discours de Philippe Pastor lors du séminaire “Désapprendre l’Intolérance”, L’art pour changer les attitudes vis-à-vis de l’environnement le 8 mai 2008 – Siège des Nations Unies, New York, Etats-Unis</div>
</div></section></div>
