{"id":6427,"date":"2018-04-27T09:29:23","date_gmt":"2018-04-27T08:29:23","guid":{"rendered":"https:\/\/www.philippe-pastor.com\/?page_id=6427"},"modified":"2018-10-04T14:13:34","modified_gmt":"2018-10-04T13:13:34","slug":"basta","status":"publish","type":"page","link":"https:\/\/www.philippe-pastor.com\/fr\/basta\/","title":{"rendered":"BASTA"},"content":{"rendered":"<div class=\"flex_column av_one_full  flex_column_div first  paintings \" style='padding:0px 6% 0px 0px ; border-radius:0px; '><section class=\"av_textblock_section \"  itemscope=\"itemscope\" itemtype=\"https:\/\/schema.org\/CreativeWork\" ><div class='avia_textblock  '   itemprop=\"text\" ><h2 style=\"text-align: center;\">Philippe Pastor \u00ab Basta \u00bb<\/h2>\n<p style=\"text-align: center;\">\u00ab Basta \u00bb \u00e0 l\u2019autodestruction<br \/>\n\u00ab Basta \u00bb \u00e0 la destruction de la plan\u00e8te<br \/>\n\u00ab Basta \u00bb \u00e0 la pollution<br \/>\n\u00ab Basta \u00bb \u00e0 la vie de merde<br \/>\n\u00ab Basta \u00bb \u00e0 la soci\u00e9t\u00e9 d\u2019aujourd\u2019hui<br \/>\n\u2026 etc, etc\u2026<\/p>\n<p style=\"text-align: center;\">Exposition permanente vue du ciel<\/p>\n<\/div><\/section><br \/>\n<div  class='hr hr-default  '><span class='hr-inner ' ><span class='hr-inner-style'><\/span><\/span><\/div><br \/>\n<section class=\"av_textblock_section \"  itemscope=\"itemscope\" itemtype=\"https:\/\/schema.org\/CreativeWork\" ><div class='avia_textblock  '   itemprop=\"text\" ><p>Avec cette \u0153uvre monumentale, constitu\u00e9e de plus de 3000 plaques en b\u00e9ton, et r\u00e9alis\u00e9e au cours de l\u2019\u00e9t\u00e9 2014, Philippe Pastor semble d\u00e9cliner la totalit\u00e9 de son langage plastique en m\u00eame temps qu\u2019il avance vers des espaces inexplor\u00e9s, de plus en plus singuliers et \u00e9tonnants. L\u2019installation permanente \u00ab Basta \u00bb, situ\u00e9e sur un terrain en Espagne, s\u2019annonce comme son plus grand cri de r\u00e9volte, plus que jamais r\u00e9solu \u00e0 en d\u00e9coudre avec la n\u00e9gligence de l\u2019homme envers la destruction de la nature. Cette interjection, qui exprime avant tout l\u2019impatience du cr\u00e9ateur, et r\u00e9v\u00e8le le degr\u00e9 d\u2019urgence qui l\u2019anime, est visible depuis le ciel. Tout comme l\u2019artiste passe d\u2019un mat\u00e9riau \u00e0 l\u2019autre sans hi\u00e9rarchie pr\u00e9d\u00e9finie, il d\u00e9cline son \u0153uvre dans toutes les dimensions. Si la peinture, selon des logiques processuelles, demeure semble-t-il le medium de pr\u00e9dilection pour l\u2019artiste de cet \u00ab axiome vert \u00bb, l\u2019installation n\u2019en est pas pour autant \u00e9cart\u00e9e. En s\u2019immis\u00e7ant de la sorte dans l\u2019environnement, Philippe Pastor explore et questionne la nature \u00e0 l\u2019heure de la mondialisation.<\/p>\n<p>Alexandra Marini, Extrait du livre \u00ab PASTOR \u00bb, 2017<\/p>\n<\/div><\/section><\/p><\/div>\nngg_shortcode_0_placeholder\n","protected":false},"excerpt":{"rendered":"<p>\u00a0\u00bb order_by=\u00a0\u00bbsortorder\u00a0\u00bb order_direction=\u00a0\u00bbASC\u00a0\u00bb returns=\u00a0\u00bbincluded\u00a0\u00bb maximum_entity_count=\u00a0\u00bb500&Prime;]<\/p>\n","protected":false},"author":6,"featured_media":0,"parent":0,"menu_order":0,"comment_status":"closed","ping_status":"closed","template":"","meta":{"ngg_post_thumbnail":0,"footnotes":""},"class_list":["post-6427","page","type-page","status-publish","hentry"],"_links":{"self":[{"href":"https:\/\/www.philippe-pastor.com\/fr\/wp-json\/wp\/v2\/pages\/6427","targetHints":{"allow":["GET"]}}],"collection":[{"href":"https:\/\/www.philippe-pastor.com\/fr\/wp-json\/wp\/v2\/pages"}],"about":[{"href":"https:\/\/www.philippe-pastor.com\/fr\/wp-json\/wp\/v2\/types\/page"}],"author":[{"embeddable":true,"href":"https:\/\/www.philippe-pastor.com\/fr\/wp-json\/wp\/v2\/users\/6"}],"replies":[{"embeddable":true,"href":"https:\/\/www.philippe-pastor.com\/fr\/wp-json\/wp\/v2\/comments?post=6427"}],"version-history":[{"count":0,"href":"https:\/\/www.philippe-pastor.com\/fr\/wp-json\/wp\/v2\/pages\/6427\/revisions"}],"wp:attachment":[{"href":"https:\/\/www.philippe-pastor.com\/fr\/wp-json\/wp\/v2\/media?parent=6427"}],"curies":[{"name":"wp","href":"https:\/\/api.w.org\/{rel}","templated":true}]}}

<div class="flex_column av_one_full  flex_column_div first  paintings " style='padding:0px 6% 0px 0px ; border-radius:0px; '><section class="av_textblock_section "  itemscope="itemscope" itemtype="https://schema.org/CreativeWork" ><div class='avia_textblock  '   itemprop="text" ><h2 style="text-align: center;">Philippe Pastor « Basta »</h2>
<p style="text-align: center;">« Basta » à l’autodestruction<br />
« Basta » à la destruction de la planète<br />
« Basta » à la pollution<br />
« Basta » à la vie de merde<br />
« Basta » à la société d’aujourd’hui<br />
… etc, etc…</p>
<p style="text-align: center;">Exposition permanente vue du ciel</p>
</div></section><br />
<div  class='hr hr-default  '><span class='hr-inner ' ><span class='hr-inner-style'></span></span></div><br />
<section class="av_textblock_section "  itemscope="itemscope" itemtype="https://schema.org/CreativeWork" ><div class='avia_textblock  '   itemprop="text" ><p>Avec cette œuvre monumentale, constituée de plus de 3000 plaques en béton, et réalisée au cours de l’été 2014, Philippe Pastor semble décliner la totalité de son langage plastique en même temps qu’il avance vers des espaces inexplorés, de plus en plus singuliers et étonnants. L’installation permanente « Basta », située sur un terrain en Espagne, s’annonce comme son plus grand cri de révolte, plus que jamais résolu à en découdre avec la négligence de l’homme envers la destruction de la nature. Cette interjection, qui exprime avant tout l’impatience du créateur, et révèle le degré d’urgence qui l’anime, est visible depuis le ciel. Tout comme l’artiste passe d’un matériau à l’autre sans hiérarchie prédéfinie, il décline son œuvre dans toutes les dimensions. Si la peinture, selon des logiques processuelles, demeure semble-t-il le medium de prédilection pour l’artiste de cet « axiome vert », l’installation n’en est pas pour autant écartée. En s’immisçant de la sorte dans l’environnement, Philippe Pastor explore et questionne la nature à l’heure de la mondialisation.</p>
<p>Alexandra Marini, Extrait du livre « PASTOR », 2017</p>
</div></section></p></div>
ngg_shortcode_0_placeholder
