{"id":9320,"date":"2018-04-30T09:37:30","date_gmt":"2018-04-30T08:37:30","guid":{"rendered":"https:\/\/www.philippe-pastor.com\/biografia\/autres\/"},"modified":"2018-06-16T18:14:54","modified_gmt":"2018-06-16T17:14:54","slug":"otros","status":"publish","type":"page","link":"https:\/\/www.philippe-pastor.com\/es\/biografia\/otros\/","title":{"rendered":"Otros"},"content":{"rendered":"<div class=\"flex_column av_one_full  flex_column_div first   \" style='padding:0px 6% 0px 0px ; border-radius:0px; '><section class=\"av_textblock_section \"  itemscope=\"itemscope\" itemtype=\"https:\/\/schema.org\/CreativeWork\" ><div class='avia_textblock  '   itemprop=\"text\" ><h3>Premios&nbsp;<\/h3>\n<p>Invitado de honor en Art Monaco&#8217;10, Philippe Pastor recibe &#8220;Le prix d&#8217;excellence pens\u00e9e \u00e9cologie&#8221;, por el mejor uso de materiales reciclados en sus obras &#8211; Mayo 2010, M\u00f3naco<br \/>\n&nbsp;<br \/>\nNombrado por S.A.R. el Pr\u00edncipe Alberto II de M\u00f3naco &#8220;Caballero de la Orden del M\u00e9rito Cultural&#8221; &#8211; 2009, M\u00f3naco<\/p>\n<h3>Conferencias<\/h3>\n<p>&nbsp;<br \/>\nDiscurso de Philippe Pastor en el seminario &#8220;Olvidar la intolerancia&#8221;, Arte para cambiar las actitudes hacia el medio ambiente el 8 de mayo de 2008 &#8211; Sede de las Naciones Unidas, Nueva York, EE.UU.<\/p>\n<\/div><\/section><\/div>\n","protected":false},"excerpt":{"rendered":"","protected":false},"author":6,"featured_media":0,"parent":4132,"menu_order":0,"comment_status":"closed","ping_status":"closed","template":"","meta":{"ngg_post_thumbnail":0,"footnotes":""},"class_list":["post-9320","page","type-page","status-publish","hentry"],"_links":{"self":[{"href":"https:\/\/www.philippe-pastor.com\/es\/wp-json\/wp\/v2\/pages\/9320","targetHints":{"allow":["GET"]}}],"collection":[{"href":"https:\/\/www.philippe-pastor.com\/es\/wp-json\/wp\/v2\/pages"}],"about":[{"href":"https:\/\/www.philippe-pastor.com\/es\/wp-json\/wp\/v2\/types\/page"}],"author":[{"embeddable":true,"href":"https:\/\/www.philippe-pastor.com\/es\/wp-json\/wp\/v2\/users\/6"}],"replies":[{"embeddable":true,"href":"https:\/\/www.philippe-pastor.com\/es\/wp-json\/wp\/v2\/comments?post=9320"}],"version-history":[{"count":0,"href":"https:\/\/www.philippe-pastor.com\/es\/wp-json\/wp\/v2\/pages\/9320\/revisions"}],"up":[{"embeddable":true,"href":"https:\/\/www.philippe-pastor.com\/es\/wp-json\/wp\/v2\/pages\/4132"}],"wp:attachment":[{"href":"https:\/\/www.philippe-pastor.com\/es\/wp-json\/wp\/v2\/media?parent=9320"}],"curies":[{"name":"wp","href":"https:\/\/api.w.org\/{rel}","templated":true}]}}

<div class="flex_column av_one_full  flex_column_div first   " style='padding:0px 6% 0px 0px ; border-radius:0px; '><section class="av_textblock_section "  itemscope="itemscope" itemtype="https://schema.org/CreativeWork" ><div class='avia_textblock  '   itemprop="text" ><h3>Premios&nbsp;</h3>
<p>Invitado de honor en Art Monaco&#8217;10, Philippe Pastor recibe &#8220;Le prix d&#8217;excellence pensée écologie&#8221;, por el mejor uso de materiales reciclados en sus obras &#8211; Mayo 2010, Mónaco<br />
&nbsp;<br />
Nombrado por S.A.R. el Príncipe Alberto II de Mónaco &#8220;Caballero de la Orden del Mérito Cultural&#8221; &#8211; 2009, Mónaco</p>
<h3>Conferencias</h3>
<p>&nbsp;<br />
Discurso de Philippe Pastor en el seminario &#8220;Olvidar la intolerancia&#8221;, Arte para cambiar las actitudes hacia el medio ambiente el 8 de mayo de 2008 &#8211; Sede de las Naciones Unidas, Nueva York, EE.UU.</p>
</div></section></div>
